{"id":175,"date":"2015-01-21T13:17:46","date_gmt":"2015-01-21T11:17:46","guid":{"rendered":"http:\/\/www.praxis-kirchfeld.de\/?page_id=175"},"modified":"2026-04-07T12:13:50","modified_gmt":"2026-04-07T10:13:50","slug":"meine-angebote-2","status":"publish","type":"page","link":"https:\/\/www.praxis-kirchfeld.de\/?page_id=175","title":{"rendered":"Therapieangebote &#038; Preise"},"content":{"rendered":"\n<p><strong><span style=\"color: #08788e;\">Termine in der Praxis<\/span><\/strong><strong>&nbsp;<\/strong><\/p>\n\n\n\n<p>Bei mir gibt es Termine nur nach Vereinbarung.<\/p>\n\n\n\n<p><strong>Bring bitte ein gro\u00dfes Handtuch zu den Terminen mit.<\/strong><\/p>\n\n\n\n<p>Solltest du einen Termin nicht wahrnehmen k\u00f6nnen sag mir bitte sp\u00e4testens 24 Stunden vorher Bescheid. Ansonsten kann es sein das ich dir 50% der Behandlung in Rechnung stelle sofern sich der Termin nicht anderweitig vergeben l\u00e4sst.<\/p>\n\n\n\n<p>Danke!<\/p>\n\n\n\n<p><strong><span style=\"color: #08788e;\">Mobile Termine<\/span><\/strong> bei dir zu Hause:<\/p>\n\n\n\n<p>Zur Zeit sind nur in Ausnahmef\u00e4llen Hausbesuche m\u00f6glich (nach OPs, im Wochenbett, &#8230;) und nur im Umkreis von 10km.<\/p>\n\n\n\n<p><strong><span style=\"color: #08788e;\">Preise:<\/span><\/strong><\/p>\n\n\n\n<p>Kinder von 0-12 Jahren:&nbsp; 50\u20ac<\/p>\n\n\n\n<p>Kinder von 12-18 Jahre:&nbsp; 60\u20ac<\/p>\n\n\n\n<p>Erwachsene je nach Dauer der Behandlung:&nbsp; 90-100\u20ac<\/p>\n\n\n<div class=\"wp-block-image\">\n<figure class=\"aligncenter\"><img loading=\"lazy\" decoding=\"async\" width=\"300\" height=\"300\" src=\"http:\/\/www.praxis-kirchfeld.de \u00e4ndern\/wp-content\/uploads\/2017\/11\/cropped-header-300x300.jpeg\" alt=\"\" class=\"wp-image-536\" srcset=\"https:\/\/www.praxis-kirchfeld.de\/wp-content\/uploads\/2017\/11\/cropped-header-300x300.jpeg 300w, https:\/\/www.praxis-kirchfeld.de\/wp-content\/uploads\/2017\/11\/cropped-header-150x150.jpeg 150w, https:\/\/www.praxis-kirchfeld.de\/wp-content\/uploads\/2017\/11\/cropped-header.jpeg 512w, https:\/\/www.praxis-kirchfeld.de\/wp-content\/uploads\/2017\/11\/cropped-header-270x270.jpeg 270w, https:\/\/www.praxis-kirchfeld.de\/wp-content\/uploads\/2017\/11\/cropped-header-192x192.jpeg 192w, https:\/\/www.praxis-kirchfeld.de\/wp-content\/uploads\/2017\/11\/cropped-header-180x180.jpeg 180w, https:\/\/www.praxis-kirchfeld.de\/wp-content\/uploads\/2017\/11\/cropped-header-32x32.jpeg 32w\" sizes=\"auto, (max-width: 300px) 100vw, 300px\" \/><\/figure>\n<\/div>\n\n\n<p>Die <span style=\"color: #08788e;\">Preise<\/span> gelten f\u00fcr Selbstzahler, (bei <span style=\"color: #08788e;\">Rechnungen<\/span> f\u00fcr die Versicherung richte ich mich nach der g\u00fcltigen <span style=\"color: #08788e;\">Geb\u00fchrenordnung f\u00fcr Heilpraktiker<\/span>) <\/p>\n\n\n\n<p><strong><span style=\"color: #08788e;\">BowenTherapie (DZBT\/ISBT)- Faszientherapie <\/span><\/strong><strong><span style=\"color: #08788e;\"><br>\n<\/span><\/strong><\/p>\n\n\n\n<p>Pr\u00e4ventiv, therapeutisch und regenerativ einzusetzen. Sanfte, ganzheitliche und effektive Faszientherapie unter Einbeziehung des vegetativen Nervensystems.<\/p>\n\n\n<div class=\"wp-block-image wp-image-700\">\n<figure class=\"aligncenter\"><img loading=\"lazy\" decoding=\"async\" width=\"300\" height=\"169\" src=\"http:\/\/www.praxis-kirchfeld.de \u00e4ndern\/wp-content\/uploads\/2018\/02\/ZwerchfellRahmen-2-300x169.png\" alt=\"\" class=\"wp-image-700\" srcset=\"https:\/\/www.praxis-kirchfeld.de\/wp-content\/uploads\/2018\/02\/ZwerchfellRahmen-2-300x169.png 300w, https:\/\/www.praxis-kirchfeld.de\/wp-content\/uploads\/2018\/02\/ZwerchfellRahmen-2-768x432.png 768w, https:\/\/www.praxis-kirchfeld.de\/wp-content\/uploads\/2018\/02\/ZwerchfellRahmen-2-1024x576.png 1024w, https:\/\/www.praxis-kirchfeld.de\/wp-content\/uploads\/2018\/02\/ZwerchfellRahmen-2.png 1566w\" sizes=\"auto, (max-width: 300px) 100vw, 300px\" \/><figcaption class=\"wp-element-caption\">BowenTherapie Zwerchfellbehandlung<\/figcaption><\/figure>\n<\/div>\n\n\n<p><span style=\"color: #08788e;\"><strong>Microkinesi<br><\/strong><\/span><\/p>\n\n\n\n<p>Auf der Grundlage der Embryologie hat sich diese osteopathische Technik entwickelt. Durch kleine Bewegungen&nbsp; (Micro-klein, Kinesi-Bewegung) werden Blockaden im K\u00f6rper aufgesp\u00fcrt und behoben. So lassen sich neben akuten Beschwerden auch lang zur\u00fcck liegende Verletzungen noch behandeln.<\/p>\n\n\n\n<p>weitere Infos <a href=\"https:\/\/www.verein-microkinesitherapie.de\/patienten-interessierte\">https:\/\/www.verein-microkinesitherapie.de\/patienten-interessierte<\/a><\/p>\n\n\n<div class=\"wp-block-image wp-image-703 size-medium\">\n<figure class=\"aligncenter\"><img loading=\"lazy\" decoding=\"async\" width=\"300\" height=\"169\" src=\"http:\/\/www.praxis-kirchfeld.de\/wp-content\/uploads\/2018\/02\/KnieBowenRahmen-2-300x169.png\" alt=\"\" class=\"wp-image-703\" srcset=\"https:\/\/www.praxis-kirchfeld.de\/wp-content\/uploads\/2018\/02\/KnieBowenRahmen-2-300x169.png 300w, https:\/\/www.praxis-kirchfeld.de\/wp-content\/uploads\/2018\/02\/KnieBowenRahmen-2-768x432.png 768w, https:\/\/www.praxis-kirchfeld.de\/wp-content\/uploads\/2018\/02\/KnieBowenRahmen-2-1024x576.png 1024w, https:\/\/www.praxis-kirchfeld.de\/wp-content\/uploads\/2018\/02\/KnieBowenRahmen-2.png 1177w\" sizes=\"auto, (max-width: 300px) 100vw, 300px\" \/><figcaption class=\"wp-element-caption\">Kniebehandlung<\/figcaption><\/figure>\n<\/div>\n\n\n<p><span style=\"color: #08788e;\"><strong>R.E.S.E.T. -Kiefergelenksbalance<br>\n<\/strong><\/span><\/p>\n\n\n\n<p>Verspannungen im Kiefergelenksbereich k\u00f6nnen sich auf den ganzen K\u00f6rper auswirken. M\u00f6gliche Ursachen sind Stress, Zahnspange oder lange Zahnarztbehandlungen. Symptome k\u00f6nnen Z\u00e4hneknirschen, Kieferknacken oder Kopf- und Nackenschmerzen sein. R.E.S.E.T. l\u00f6st die Verspannungen und kann so zur Linderung beitragen.<\/p>\n\n\n\n<p><\/p>\n\n\n\n<p><\/p>\n\n\n\n<p><\/p>\n\n\n\n<p>Weitere Infos:<\/p>\n\n\n\n<h3 class=\"wp-block-heading has-text-align-center\"><span style=\"color: #08788e;\"><strong>Termine nach der COVID-19 Impfung- <\/strong><\/span><\/h3>\n\n\n\n<h3 class=\"wp-block-heading has-text-align-center\"><span style=\"color: #08788e;\"><strong>erst 7 Wochen nach der letzten Injektion!<\/strong><\/span><\/h3>\n\n\n\n<p>Die Verarbeitung der COVID-19 Impfung ist ein dynamischer biochemischer Prozess, der dem K\u00f6rper einiges abverlangt. Meine Beobachtung ist, dass frisch geimpfte Menschen bis zu sieben Wochen ben\u00f6tigen um diese Impfung k\u00f6rperlich zu verarbeiten. In diesem Zeitraum ist es meiner Meinung nach nicht angebracht weitere Reize in den K\u00f6rper zu senden. Daher behandele ich geimpfte Menschen erst wieder 7 Wochen nach der letzten Impfung.<\/p>\n\n\n\n<p><span style=\"color: #08788e;\"><strong> <\/strong><\/span><strong><span style=\"color: #08788e;\"><br><br><\/span><\/strong><\/p>\n","protected":false},"excerpt":{"rendered":"<p>Termine in der Praxis&nbsp; Bei mir gibt es Termine nur nach Vereinbarung. Bring bitte ein gro\u00dfes Handtuch zu den Terminen mit. Solltest du einen Termin nicht wahrnehmen k\u00f6nnen sag mir bitte sp\u00e4testens 24 Stunden vorher Bescheid. Ansonsten kann es sein das ich dir 50% der Behandlung in Rechnung stelle sofern sich der Termin nicht anderweitig [&hellip;]<\/p>\n","protected":false},"author":1,"featured_media":0,"parent":0,"menu_order":0,"comment_status":"closed","ping_status":"closed","template":"","meta":{"footnotes":""},"class_list":["post-175","page","type-page","status-publish","hentry"],"_links":{"self":[{"href":"https:\/\/www.praxis-kirchfeld.de\/index.php?rest_route=\/wp\/v2\/pages\/175","targetHints":{"allow":["GET"]}}],"collection":[{"href":"https:\/\/www.praxis-kirchfeld.de\/index.php?rest_route=\/wp\/v2\/pages"}],"about":[{"href":"https:\/\/www.praxis-kirchfeld.de\/index.php?rest_route=\/wp\/v2\/types\/page"}],"author":[{"embeddable":true,"href":"https:\/\/www.praxis-kirchfeld.de\/index.php?rest_route=\/wp\/v2\/users\/1"}],"replies":[{"embeddable":true,"href":"https:\/\/www.praxis-kirchfeld.de\/index.php?rest_route=%2Fwp%2Fv2%2Fcomments&post=175"}],"version-history":[{"count":96,"href":"https:\/\/www.praxis-kirchfeld.de\/index.php?rest_route=\/wp\/v2\/pages\/175\/revisions"}],"predecessor-version":[{"id":1581,"href":"https:\/\/www.praxis-kirchfeld.de\/index.php?rest_route=\/wp\/v2\/pages\/175\/revisions\/1581"}],"wp:attachment":[{"href":"https:\/\/www.praxis-kirchfeld.de\/index.php?rest_route=%2Fwp%2Fv2%2Fmedia&parent=175"}],"curies":[{"name":"wp","href":"https:\/\/api.w.org\/{rel}","templated":true}]}}

<p><strong><span style="color: #08788e;">Termine in der Praxis</span></strong><strong>&nbsp;</strong></p>



<p>Bei mir gibt es Termine nur nach Vereinbarung.</p>



<p><strong>Bring bitte ein großes Handtuch zu den Terminen mit.</strong></p>



<p>Solltest du einen Termin nicht wahrnehmen können sag mir bitte spätestens 24 Stunden vorher Bescheid. Ansonsten kann es sein das ich dir 50% der Behandlung in Rechnung stelle sofern sich der Termin nicht anderweitig vergeben lässt.</p>



<p>Danke!</p>



<p><strong><span style="color: #08788e;">Mobile Termine</span></strong> bei dir zu Hause:</p>



<p>Zur Zeit sind nur in Ausnahmefällen Hausbesuche möglich (nach OPs, im Wochenbett, &#8230;) und nur im Umkreis von 10km.</p>



<p><strong><span style="color: #08788e;">Preise:</span></strong></p>



<p>Kinder von 0-12 Jahren:&nbsp; 50€</p>



<p>Kinder von 12-18 Jahre:&nbsp; 60€</p>



<p>Erwachsene je nach Dauer der Behandlung:&nbsp; 90-100€</p>


<div class="wp-block-image">
<figure class="aligncenter"><img loading="lazy" decoding="async" width="300" height="300" src="http://www.praxis-kirchfeld.de ändern/wp-content/uploads/2017/11/cropped-header-300x300.jpeg" alt="" class="wp-image-536" srcset="https://www.praxis-kirchfeld.de/wp-content/uploads/2017/11/cropped-header-300x300.jpeg 300w, https://www.praxis-kirchfeld.de/wp-content/uploads/2017/11/cropped-header-150x150.jpeg 150w, https://www.praxis-kirchfeld.de/wp-content/uploads/2017/11/cropped-header.jpeg 512w, https://www.praxis-kirchfeld.de/wp-content/uploads/2017/11/cropped-header-270x270.jpeg 270w, https://www.praxis-kirchfeld.de/wp-content/uploads/2017/11/cropped-header-192x192.jpeg 192w, https://www.praxis-kirchfeld.de/wp-content/uploads/2017/11/cropped-header-180x180.jpeg 180w, https://www.praxis-kirchfeld.de/wp-content/uploads/2017/11/cropped-header-32x32.jpeg 32w" sizes="auto, (max-width: 300px) 100vw, 300px" /></figure>
</div>


<p>Die <span style="color: #08788e;">Preise</span> gelten für Selbstzahler, (bei <span style="color: #08788e;">Rechnungen</span> für die Versicherung richte ich mich nach der gültigen <span style="color: #08788e;">Gebührenordnung für Heilpraktiker</span>) </p>



<p><strong><span style="color: #08788e;">BowenTherapie (DZBT/ISBT)- Faszientherapie </span></strong><strong><span style="color: #08788e;"><br>
</span></strong></p>



<p>Präventiv, therapeutisch und regenerativ einzusetzen. Sanfte, ganzheitliche und effektive Faszientherapie unter Einbeziehung des vegetativen Nervensystems.</p>


<div class="wp-block-image wp-image-700">
<figure class="aligncenter"><img loading="lazy" decoding="async" width="300" height="169" src="http://www.praxis-kirchfeld.de ändern/wp-content/uploads/2018/02/ZwerchfellRahmen-2-300x169.png" alt="" class="wp-image-700" srcset="https://www.praxis-kirchfeld.de/wp-content/uploads/2018/02/ZwerchfellRahmen-2-300x169.png 300w, https://www.praxis-kirchfeld.de/wp-content/uploads/2018/02/ZwerchfellRahmen-2-768x432.png 768w, https://www.praxis-kirchfeld.de/wp-content/uploads/2018/02/ZwerchfellRahmen-2-1024x576.png 1024w, https://www.praxis-kirchfeld.de/wp-content/uploads/2018/02/ZwerchfellRahmen-2.png 1566w" sizes="auto, (max-width: 300px) 100vw, 300px" /><figcaption class="wp-element-caption">BowenTherapie Zwerchfellbehandlung</figcaption></figure>
</div>


<p><span style="color: #08788e;"><strong>Microkinesi<br></strong></span></p>



<p>Auf der Grundlage der Embryologie hat sich diese osteopathische Technik entwickelt. Durch kleine Bewegungen&nbsp; (Micro-klein, Kinesi-Bewegung) werden Blockaden im Körper aufgespürt und behoben. So lassen sich neben akuten Beschwerden auch lang zurück liegende Verletzungen noch behandeln.</p>



<p>weitere Infos <a href="https://www.verein-microkinesitherapie.de/patienten-interessierte">https://www.verein-microkinesitherapie.de/patienten-interessierte</a></p>


<div class="wp-block-image wp-image-703 size-medium">
<figure class="aligncenter"><img loading="lazy" decoding="async" width="300" height="169" src="http://www.praxis-kirchfeld.de/wp-content/uploads/2018/02/KnieBowenRahmen-2-300x169.png" alt="" class="wp-image-703" srcset="https://www.praxis-kirchfeld.de/wp-content/uploads/2018/02/KnieBowenRahmen-2-300x169.png 300w, https://www.praxis-kirchfeld.de/wp-content/uploads/2018/02/KnieBowenRahmen-2-768x432.png 768w, https://www.praxis-kirchfeld.de/wp-content/uploads/2018/02/KnieBowenRahmen-2-1024x576.png 1024w, https://www.praxis-kirchfeld.de/wp-content/uploads/2018/02/KnieBowenRahmen-2.png 1177w" sizes="auto, (max-width: 300px) 100vw, 300px" /><figcaption class="wp-element-caption">Kniebehandlung</figcaption></figure>
</div>


<p><span style="color: #08788e;"><strong>R.E.S.E.T. -Kiefergelenksbalance<br>
</strong></span></p>



<p>Verspannungen im Kiefergelenksbereich können sich auf den ganzen Körper auswirken. Mögliche Ursachen sind Stress, Zahnspange oder lange Zahnarztbehandlungen. Symptome können Zähneknirschen, Kieferknacken oder Kopf- und Nackenschmerzen sein. R.E.S.E.T. löst die Verspannungen und kann so zur Linderung beitragen.</p>



<p></p>



<p></p>



<p></p>



<p>Weitere Infos:</p>



<h3 class="wp-block-heading has-text-align-center"><span style="color: #08788e;"><strong>Termine nach der COVID-19 Impfung- </strong></span></h3>



<h3 class="wp-block-heading has-text-align-center"><span style="color: #08788e;"><strong>erst 7 Wochen nach der letzten Injektion!</strong></span></h3>



<p>Die Verarbeitung der COVID-19 Impfung ist ein dynamischer biochemischer Prozess, der dem Körper einiges abverlangt. Meine Beobachtung ist, dass frisch geimpfte Menschen bis zu sieben Wochen benötigen um diese Impfung körperlich zu verarbeiten. In diesem Zeitraum ist es meiner Meinung nach nicht angebracht weitere Reize in den Körper zu senden. Daher behandele ich geimpfte Menschen erst wieder 7 Wochen nach der letzten Impfung.</p>



<p><span style="color: #08788e;"><strong> </strong></span><strong><span style="color: #08788e;"><br><br></span></strong></p>

<p>Termine in der Praxis&nbsp; Bei mir gibt es Termine nur nach Vereinbarung. Bring bitte ein großes Handtuch zu den Terminen mit. Solltest du einen Termin nicht wahrnehmen können sag mir bitte spätestens 24 Stunden vorher Bescheid. Ansonsten kann es sein das ich dir 50% der Behandlung in Rechnung stelle sofern sich der Termin nicht anderweitig [&hellip;]</p>
